{"version":"1.0","provider_name":"redemokracia","provider_url":"https:\/\/www.redemokracia.sk\/volby-2023","title":"Ma\u010farsk\u00e9 f\u00f3rum, Ob\u010dianski demokrati Slovenska, Za regi\u00f3ny, R\u00f3mska koal\u00edcia, Demokratick\u00e1 strana - redemokracia","type":"rich","width":600,"height":338,"html":"<blockquote class=\"wp-embedded-content\" data-secret=\"RRoUXKdv4p\"><a href=\"https:\/\/www.redemokracia.sk\/volby-2023\/mf-ods-zr-rk-ds\/\">Ma\u010farsk\u00e9 f\u00f3rum, Ob\u010dianski demokrati Slovenska, Za regi\u00f3ny, R\u00f3mska koal\u00edcia, Demokratick\u00e1 strana<\/a><\/blockquote><iframe sandbox=\"allow-scripts\" security=\"restricted\" src=\"https:\/\/www.redemokracia.sk\/volby-2023\/mf-ods-zr-rk-ds\/embed\/#?secret=RRoUXKdv4p\" width=\"600\" height=\"338\" title=\"&#8220;Ma\u010farsk\u00e9 f\u00f3rum, Ob\u010dianski demokrati Slovenska, Za regi\u00f3ny, R\u00f3mska koal\u00edcia, Demokratick\u00e1 strana&#8221; &#8212; redemokracia\" data-secret=\"RRoUXKdv4p\" frameborder=\"0\" marginwidth=\"0\" marginheight=\"0\" scrolling=\"no\" class=\"wp-embedded-content\"><\/iframe><script>\n\/*! This file is auto-generated *\/\n!function(c,d){\"use strict\";var e=!1,o=!1;if(d.querySelector)if(c.addEventListener)e=!0;if(c.wp=c.wp||{},c.wp.receiveEmbedMessage);else if(c.wp.receiveEmbedMessage=function(e){var t=e.data;if(!t);else if(!(t.secret||t.message||t.value));else if(\/[^a-zA-Z0-9]\/.test(t.secret));else{for(var r,s,a,i=d.querySelectorAll('iframe[data-secret=\"'+t.secret+'\"]'),n=d.querySelectorAll('blockquote[data-secret=\"'+t.secret+'\"]'),o=new RegExp(\"^https?:$\",\"i\"),l=0;l<n.length;l++)n[l].style.display=\"none\";for(l=0;l<i.length;l++)if(r=i[l],e.source!==r.contentWindow);else{if(r.removeAttribute(\"style\"),\"height\"===t.message){if(1e3<(s=parseInt(t.value,10)))s=1e3;else if(~~s<200)s=200;r.height=s}if(\"link\"===t.message)if(s=d.createElement(\"a\"),a=d.createElement(\"a\"),s.href=r.getAttribute(\"src\"),a.href=t.value,!o.test(a.protocol));else if(a.host===s.host)if(d.activeElement===r)c.top.location.href=t.value}}},e)c.addEventListener(\"message\",c.wp.receiveEmbedMessage,!1),d.addEventListener(\"DOMContentLoaded\",t,!1),c.addEventListener(\"load\",t,!1);function t(){if(o);else{o=!0;for(var e,t,r,s=-1!==navigator.appVersion.indexOf(\"MSIE 10\"),a=!!navigator.userAgent.match(\/Trident.*rv:11\\.\/),i=d.querySelectorAll(\"iframe.wp-embedded-content\"),n=0;n<i.length;n++){if(!(r=(t=i[n]).getAttribute(\"data-secret\")))r=Math.random().toString(36).substr(2,10),t.src+=\"#?secret=\"+r,t.setAttribute(\"data-secret\",r);if(s||a)(e=t.cloneNode(!0)).removeAttribute(\"security\"),t.parentNode.replaceChild(e,t);t.contentWindow.postMessage({message:\"ready\",secret:r},\"*\")}}}}(window,document);\n<\/script>\n","thumbnail_url":"https:\/\/www.redemokracia.sk\/volby-2023\/wp-content\/uploads\/2023\/09\/Volby-2023-madarske-forum-obcianski-demokrati-slovenska-za-regiony-romska-koalicia-demokraticka-strana-.jpg","thumbnail_width":1292,"thumbnail_height":833,"description":"| MF, ODS, ZR, RK, DS | Volebn\u00e9 \u010d\u00edslo 7&nbsp; Po\u010det kandid\u00e1tov: 125 Hlavn\u00fdm cie\u013eom Ma\u010farsk\u00e9ho f\u00f3ra je, aby zabezpe\u010dilo parlamentn\u00fa reprezent\u00e1ciu Ma\u010farov na Slovensku, a vyu\u017eilo to ako n\u00e1stroj urobi\u0165 v\u0161etko pre to, aby \u013eudia z na\u0161ej komunity boli rovnopr\u00e1vnymi ob\u010danmi demokratick\u00e9ho Slovenska. Rovnopr\u00e1vnymi symbolicky, \u010do sa t\u00fdka pr\u00e1v, ekonomickej prosperity ale aj kult\u00farneho [&hellip;]"}

Maďarské fórum, Občianski demokrati Slovenska, Za regióny, Rómska koalícia, Demokratická strana - redemokracia

<blockquote class="wp-embedded-content" data-secret="RRoUXKdv4p"><a href="https://www.redemokracia.sk/volby-2023/mf-ods-zr-rk-ds/">Maďarské fórum, Občianski demokrati Slovenska, Za regióny, Rómska koalícia, Demokratická strana</a></blockquote><iframe sandbox="allow-scripts" security="restricted" src="https://www.redemokracia.sk/volby-2023/mf-ods-zr-rk-ds/embed/#?secret=RRoUXKdv4p" width="600" height="338" title="&#8220;Maďarské fórum, Občianski demokrati Slovenska, Za regióny, Rómska koalícia, Demokratická strana&#8221; &#8212; redemokracia" data-secret="RRoUXKdv4p" frameborder="0" marginwidth="0" marginheight="0" scrolling="no" class="wp-embedded-content"></iframe><script>
/*! This file is auto-generated */
!function(c,d){"use strict";var e=!1,o=!1;if(d.querySelector)if(c.addEventListener)e=!0;if(c.wp=c.wp||{},c.wp.receiveEmbedMessage);else if(c.wp.receiveEmbedMessage=function(e){var t=e.data;if(!t);else if(!(t.secret||t.message||t.value));else if(/[^a-zA-Z0-9]/.test(t.secret));else{for(var r,s,a,i=d.querySelectorAll('iframe[data-secret="'+t.secret+'"]'),n=d.querySelectorAll('blockquote[data-secret="'+t.secret+'"]'),o=new RegExp("^https?:$","i"),l=0;l<n.length;l++)n[l].style.display="none";for(l=0;l<i.length;l++)if(r=i[l],e.source!==r.contentWindow);else{if(r.removeAttribute("style"),"height"===t.message){if(1e3<(s=parseInt(t.value,10)))s=1e3;else if(~~s<200)s=200;r.height=s}if("link"===t.message)if(s=d.createElement("a"),a=d.createElement("a"),s.href=r.getAttribute("src"),a.href=t.value,!o.test(a.protocol));else if(a.host===s.host)if(d.activeElement===r)c.top.location.href=t.value}}},e)c.addEventListener("message",c.wp.receiveEmbedMessage,!1),d.addEventListener("DOMContentLoaded",t,!1),c.addEventListener("load",t,!1);function t(){if(o);else{o=!0;for(var e,t,r,s=-1!==navigator.appVersion.indexOf("MSIE 10"),a=!!navigator.userAgent.match(/Trident.*rv:11\./),i=d.querySelectorAll("iframe.wp-embedded-content"),n=0;n<i.length;n++){if(!(r=(t=i[n]).getAttribute("data-secret")))r=Math.random().toString(36).substr(2,10),t.src+="#?secret="+r,t.setAttribute("data-secret",r);if(s||a)(e=t.cloneNode(!0)).removeAttribute("security"),t.parentNode.replaceChild(e,t);t.contentWindow.postMessage({message:"ready",secret:r},"*")}}}}(window,document);
</script>

| MF, ODS, ZR, RK, DS | Volebné číslo 7&nbsp; Počet kandidátov: 125 Hlavným cieľom Maďarského fóra je, aby zabezpečilo parlamentnú reprezentáciu Maďarov na Slovensku, a využilo to ako nástroj urobiť všetko pre to, aby ľudia z našej komunity boli rovnoprávnymi občanmi demokratického Slovenska. Rovnoprávnymi symbolicky, čo sa týka práv, ekonomickej prosperity ale aj kultúrneho [&hellip;]
