{"version":"1.0","provider_name":"redemokracia","provider_url":"https:\/\/www.redemokracia.sk\/volby-2023","title":"SZ\u00d6VETS\u00c9G - Magyarok. Nemzetis\u00e9gek. Regi\u00f3k. | ALIANCIA - Ma\u010fari. N\u00e1rodnosti. Regi\u00f3ny - redemokracia","type":"rich","width":600,"height":338,"html":"<blockquote class=\"wp-embedded-content\" data-secret=\"8Ngz7xZSkw\"><a href=\"https:\/\/www.redemokracia.sk\/volby-2023\/szovetseg-aliancia\/\">SZ\u00d6VETS\u00c9G &#8211; Magyarok. Nemzetis\u00e9gek. Regi\u00f3k. | ALIANCIA &#8211; Ma\u010fari. N\u00e1rodnosti. Regi\u00f3ny<\/a><\/blockquote><iframe sandbox=\"allow-scripts\" security=\"restricted\" src=\"https:\/\/www.redemokracia.sk\/volby-2023\/szovetseg-aliancia\/embed\/#?secret=8Ngz7xZSkw\" width=\"600\" height=\"338\" title=\"&#8220;SZ\u00d6VETS\u00c9G &#8211; Magyarok. Nemzetis\u00e9gek. Regi\u00f3k. | ALIANCIA &#8211; Ma\u010fari. N\u00e1rodnosti. Regi\u00f3ny&#8221; &#8212; redemokracia\" data-secret=\"8Ngz7xZSkw\" frameborder=\"0\" marginwidth=\"0\" marginheight=\"0\" scrolling=\"no\" class=\"wp-embedded-content\"><\/iframe><script>\n\/*! This file is auto-generated *\/\n!function(c,d){\"use strict\";var e=!1,o=!1;if(d.querySelector)if(c.addEventListener)e=!0;if(c.wp=c.wp||{},c.wp.receiveEmbedMessage);else if(c.wp.receiveEmbedMessage=function(e){var t=e.data;if(!t);else if(!(t.secret||t.message||t.value));else if(\/[^a-zA-Z0-9]\/.test(t.secret));else{for(var r,s,a,i=d.querySelectorAll('iframe[data-secret=\"'+t.secret+'\"]'),n=d.querySelectorAll('blockquote[data-secret=\"'+t.secret+'\"]'),o=new RegExp(\"^https?:$\",\"i\"),l=0;l<n.length;l++)n[l].style.display=\"none\";for(l=0;l<i.length;l++)if(r=i[l],e.source!==r.contentWindow);else{if(r.removeAttribute(\"style\"),\"height\"===t.message){if(1e3<(s=parseInt(t.value,10)))s=1e3;else if(~~s<200)s=200;r.height=s}if(\"link\"===t.message)if(s=d.createElement(\"a\"),a=d.createElement(\"a\"),s.href=r.getAttribute(\"src\"),a.href=t.value,!o.test(a.protocol));else if(a.host===s.host)if(d.activeElement===r)c.top.location.href=t.value}}},e)c.addEventListener(\"message\",c.wp.receiveEmbedMessage,!1),d.addEventListener(\"DOMContentLoaded\",t,!1),c.addEventListener(\"load\",t,!1);function t(){if(o);else{o=!0;for(var e,t,r,s=-1!==navigator.appVersion.indexOf(\"MSIE 10\"),a=!!navigator.userAgent.match(\/Trident.*rv:11\\.\/),i=d.querySelectorAll(\"iframe.wp-embedded-content\"),n=0;n<i.length;n++){if(!(r=(t=i[n]).getAttribute(\"data-secret\")))r=Math.random().toString(36).substr(2,10),t.src+=\"#?secret=\"+r,t.setAttribute(\"data-secret\",r);if(s||a)(e=t.cloneNode(!0)).removeAttribute(\"security\"),t.parentNode.replaceChild(e,t);t.contentWindow.postMessage({message:\"ready\",secret:r},\"*\")}}}}(window,document);\n<\/script>\n","thumbnail_url":"https:\/\/www.redemokracia.sk\/volby-2023\/wp-content\/uploads\/2023\/09\/Volby-2023-aliancia-.jpg","thumbnail_width":1292,"thumbnail_height":833,"description":"| SZ\u00d6VETS\u00c9G &#8211; ALIANCIA | Volebn\u00e9 \u010d\u00edslo 18&nbsp; Po\u010det kandid\u00e1tov:&nbsp; 149 Ma\u010farsk\u00e1 komunita na Slovensku je neoddelite\u013enou s\u00fa\u010das\u0165ou ma\u010farsk\u00e9ho kult\u00farneho a etnick\u00e9ho n\u00e1roda. Jazykovo patr\u00ed do ma\u010farsk\u00e9ho kult\u00farneho okruhu. Na\u0161\u00edm hlavn\u00fdm cie\u013eom vo vz\u0165ahu ku komunite (aj vo vz\u0165ahu k \u010fal\u0161\u00edm komunit\u00e1m) je zachova\u0165 a rozv\u00edja\u0165 jej jazykov\u00fa, kult\u00farnu a n\u00e1rodn\u00fa identitu na individu\u00e1lnej a [&hellip;]"}

SZÖVETSÉG - Magyarok. Nemzetiségek. Regiók. | ALIANCIA - Maďari. Národnosti. Regióny - redemokracia

<blockquote class="wp-embedded-content" data-secret="8Ngz7xZSkw"><a href="https://www.redemokracia.sk/volby-2023/szovetseg-aliancia/">SZÖVETSÉG &#8211; Magyarok. Nemzetiségek. Regiók. | ALIANCIA &#8211; Maďari. Národnosti. Regióny</a></blockquote><iframe sandbox="allow-scripts" security="restricted" src="https://www.redemokracia.sk/volby-2023/szovetseg-aliancia/embed/#?secret=8Ngz7xZSkw" width="600" height="338" title="&#8220;SZÖVETSÉG &#8211; Magyarok. Nemzetiségek. Regiók. | ALIANCIA &#8211; Maďari. Národnosti. Regióny&#8221; &#8212; redemokracia" data-secret="8Ngz7xZSkw" frameborder="0" marginwidth="0" marginheight="0" scrolling="no" class="wp-embedded-content"></iframe><script>
/*! This file is auto-generated */
!function(c,d){"use strict";var e=!1,o=!1;if(d.querySelector)if(c.addEventListener)e=!0;if(c.wp=c.wp||{},c.wp.receiveEmbedMessage);else if(c.wp.receiveEmbedMessage=function(e){var t=e.data;if(!t);else if(!(t.secret||t.message||t.value));else if(/[^a-zA-Z0-9]/.test(t.secret));else{for(var r,s,a,i=d.querySelectorAll('iframe[data-secret="'+t.secret+'"]'),n=d.querySelectorAll('blockquote[data-secret="'+t.secret+'"]'),o=new RegExp("^https?:$","i"),l=0;l<n.length;l++)n[l].style.display="none";for(l=0;l<i.length;l++)if(r=i[l],e.source!==r.contentWindow);else{if(r.removeAttribute("style"),"height"===t.message){if(1e3<(s=parseInt(t.value,10)))s=1e3;else if(~~s<200)s=200;r.height=s}if("link"===t.message)if(s=d.createElement("a"),a=d.createElement("a"),s.href=r.getAttribute("src"),a.href=t.value,!o.test(a.protocol));else if(a.host===s.host)if(d.activeElement===r)c.top.location.href=t.value}}},e)c.addEventListener("message",c.wp.receiveEmbedMessage,!1),d.addEventListener("DOMContentLoaded",t,!1),c.addEventListener("load",t,!1);function t(){if(o);else{o=!0;for(var e,t,r,s=-1!==navigator.appVersion.indexOf("MSIE 10"),a=!!navigator.userAgent.match(/Trident.*rv:11\./),i=d.querySelectorAll("iframe.wp-embedded-content"),n=0;n<i.length;n++){if(!(r=(t=i[n]).getAttribute("data-secret")))r=Math.random().toString(36).substr(2,10),t.src+="#?secret="+r,t.setAttribute("data-secret",r);if(s||a)(e=t.cloneNode(!0)).removeAttribute("security"),t.parentNode.replaceChild(e,t);t.contentWindow.postMessage({message:"ready",secret:r},"*")}}}}(window,document);
</script>

| SZÖVETSÉG &#8211; ALIANCIA | Volebné číslo 18&nbsp; Počet kandidátov:&nbsp; 149 Maďarská komunita na Slovensku je neoddeliteľnou súčasťou maďarského kultúrneho a etnického národa. Jazykovo patrí do maďarského kultúrneho okruhu. Naším hlavným cieľom vo vzťahu ku komunite (aj vo vzťahu k ďalším komunitám) je zachovať a rozvíjať jej jazykovú, kultúrnu a národnú identitu na individuálnej a [&hellip;]
